{"id":23306,"date":"2023-07-27T15:29:44","date_gmt":"2023-07-27T13:29:44","guid":{"rendered":"https:\/\/www.escalade.pro\/news\/?page_id=23306"},"modified":"2024-09-17T11:18:15","modified_gmt":"2024-09-17T09:18:15","slug":"atelier-grimper-progresser","status":"publish","type":"page","link":"https:\/\/www.escalade.pro\/news\/atelier-grimper-progresser\/","title":{"rendered":"Atelier \/ workshop \u00ab\u00a0grimper et progresser en escalade\u00a0\u00bb"},"content":{"rendered":"<p><img loading=\"lazy\" decoding=\"async\" class=\"alignright wp-image-25911 size-medium\" src=\"https:\/\/www.escalade.pro\/news\/wp-content\/uploads\/2024\/09\/IMG_2854-800x445-1-300x167.jpg\" alt=\"atelier entrainement escalade fred vionnet grimpisme\" width=\"300\" height=\"167\" srcset=\"https:\/\/www.escalade.pro\/news\/wp-content\/uploads\/2024\/09\/IMG_2854-800x445-1-300x167.jpg 300w, https:\/\/www.escalade.pro\/news\/wp-content\/uploads\/2024\/09\/IMG_2854-800x445-1-768x427.jpg 768w, https:\/\/www.escalade.pro\/news\/wp-content\/uploads\/2024\/09\/IMG_2854-800x445-1-400x223.jpg 400w, https:\/\/www.escalade.pro\/news\/wp-content\/uploads\/2024\/09\/IMG_2854-800x445-1.jpg 800w\" sizes=\"auto, (max-width: 300px) 100vw, 300px\" \/>Un atelier d&rsquo;une heure pour partager avec vous <strong>ma vision de l&rsquo;escalade et d&rsquo;un entra\u00eenement efficace<\/strong>. Pour vous aider \u00e0 <strong>avoir du recul sur votre pratique, afin de l&rsquo;optimiser, et mettre en place une progression bas\u00e9e sur le plaisir de grimper et la motivation<\/strong>.<br \/>\nC&rsquo;est toujours un grand plaisir de parler d&rsquo;escalade entre passionn\u00e9s! Et vous aurez certainement des choses \u00e0 m&rsquo;apprendre. Questions et interventions de votre part sont les bienvenues.<\/p>\n<h6><u>Contenu et d\u00e9roulement :<\/u><\/h6>\n<p>Durant les 30 premi\u00e8res minutes, les th\u00e8mes suivant sont pr\u00e9sent\u00e9s :<br \/>\n&#8211; <strong>Les r\u00e8gles de base de l&rsquo;entra\u00eenement<\/strong>.<br \/>\n&#8211; <strong>Les grands axes de travail et les priorit\u00e9s<\/strong>.<br \/>\n&#8211; <strong>Organiser sa pratique par rapport \u00e0 ses objectifs, ses points forts et ses points faibles<\/strong>.<\/p>\n<p>Puis une demi-heure de <strong>questions et d&rsquo;\u00e9changes<\/strong> sur ma pr\u00e9sentation. Vous serez \u00e9galement invit\u00e9s \u00e0 me <strong>proposer le contenu de vos s\u00e9ances et l&rsquo;organisation de vos semaines<\/strong> afin que nous puissions en discuter. J&rsquo;aurai le plaisir de vous conseiller. Et nous pourrons finir en buvant un verre.<\/p>\n<h6><u>Public cible :<\/u><\/h6>\n<p>Cet atelier est destin\u00e9 :<br \/>\n&#8211; aux <strong>grimpeurs de 5, 6 et 7 n&rsquo;ayant aucunes notions sur l&rsquo;entra\u00eenement<\/strong>, qu&rsquo;ils soient des falaisistes ou des bloqueurs<br \/>\n&#8211; aux <strong>salles, associations, clubs, salons, festivals, rassemblements, s\u00e9minaires, magasins et groupes de particuliers<\/strong>.<br \/>\n&#8211; <strong>It&rsquo;s also available in english<\/strong> (more information soon)<\/p>\n<h6><u>Tarif et organisation :<\/u><\/h6>\n<p><strong>Le tarif est de 100\u20ac pour un atelier d&rsquo;une dur\u00e9e minimum d&rsquo;une heure.<\/strong> Cela n&rsquo;inclut pas les frais de d\u00e9placement que je peux \u00eatre amen\u00e9 \u00e0 facturer (d\u00e9placement hors de Suisse Romande et du Pays de Savoie essentiellement).<br \/>\nUn vid\u00e9o-projecteur \u00e0 disposition, ou un \u00e9cran, seront bienvenus.<\/p>\n<h6><u>Dates pr\u00e9vues :<\/u><\/h6>\n<p><strong>&#8211; Mardi 3 d\u00e9cembre, 20h00-21h00 <a href=\"https:\/\/www.montblancescalade.com\/\" target=\"_blank\" rel=\"noopener\">Mont Blanc Escalade<\/a> (Les Houches), en fran\u00e7ais.<br \/> &#8211; Tuesday december 10th, 20h00-21h00 <a href=\"https:\/\/www.montblancescalade.com\/\" target=\"_blank\" rel=\"noopener\">Mont Blanc Escalade<\/a> (Les Houches), in english.<\/strong><br \/>\n&#8211; Autres dates en pr\u00e9paration pour la saison 2024\/25.<\/p>\n<h6><u>La suite :<\/u><\/h6>\n<p>Des formations plus pointues. A suivre.<\/p>\n<p>Voici quelques un des th\u00e8mes qui seront abord\u00e9s :<br \/>\n&#8211; Le RPE et les r\u00e9p\u00e9titions en r\u00e9serve.<br \/>\n&#8211; Force et puissance, quelle diff\u00e9rence ?<br \/>\n&#8211; Les diff\u00e9rents types de planification<br \/>\n&#8211; La r\u00e9si, \u00e7a existe?<br \/>\n&#8211; Le mythe mal compris de la surcompensation, oups!<br \/>\n&#8211; La pr\u00e9vention des blessures.<br \/>\n&#8211; L&rsquo;entra\u00eenement mental. Ah non c&rsquo;est d\u00e9j\u00e0 disponible <a href=\"https:\/\/www.escalade.pro\/news\/formation-preparation-mentale-escalade\/\">ici<\/a>.<br \/>\n&#8211; Yielding et overcoming pour la force doigts.<\/p>\n","protected":false},"excerpt":{"rendered":"<p>Un atelier pour partager avec vous ma vision de l&rsquo;escalade et d&rsquo;un entra\u00eenement efficace. Pour vous aider \u00e0 avoir du recul sur votre pratique, afin de l&rsquo;optimiser, et mettre en place une progression bas\u00e9e sur le plaisir de grimper et la motivation.<\/p>\n","protected":false},"author":1,"featured_media":25636,"parent":0,"menu_order":0,"comment_status":"closed","ping_status":"closed","template":"","meta":{"colormag_page_container_layout":"default_layout","colormag_page_sidebar_layout":"default_layout","_monsterinsights_skip_tracking":false,"_monsterinsights_sitenote_active":false,"_monsterinsights_sitenote_note":"","_monsterinsights_sitenote_category":0,"ngg_post_thumbnail":0,"jetpack_post_was_ever_published":false,"footnotes":""},"class_list":["post-23306","page","type-page","status-publish","has-post-thumbnail","hentry"],"yoast_head":"<!-- This site is optimized with the Yoast SEO plugin v27.3 - https:\/\/yoast.com\/product\/yoast-seo-wordpress\/ -->\n<title>Atelier &quot;grimper et progresser&quot; - Grimpisme, Fred Vionnet escalade<\/title>\n<meta name=\"description\" content=\"Un atelier pour partager avec vous ma vision de l&#039;escalade et de l&#039;entra\u00eenement. Pour une progression bas\u00e9e sur le plaisir de grimper.\" \/>\n<meta name=\"robots\" content=\"index, follow, max-snippet:-1, max-image-preview:large, max-video-preview:-1\" \/>\n<link rel=\"canonical\" href=\"https:\/\/www.escalade.pro\/news\/atelier-grimper-progresser\/\" \/>\n<meta property=\"og:locale\" content=\"fr_FR\" \/>\n<meta property=\"og:type\" content=\"article\" \/>\n<meta property=\"og:title\" content=\"Atelier &quot;grimper et progresser&quot; - Grimpisme, Fred Vionnet escalade\" \/>\n<meta property=\"og:description\" content=\"Un atelier pour partager avec vous ma vision de l&#039;escalade et de l&#039;entra\u00eenement. Pour une progression bas\u00e9e sur le plaisir de grimper.\" \/>\n<meta property=\"og:url\" content=\"https:\/\/www.escalade.pro\/news\/atelier-grimper-progresser\/\" \/>\n<meta property=\"og:site_name\" content=\"L&#039;Arqu\u00e9e Libre - Fred Vionnet entraineur\/moniteur escalade\" \/>\n<meta property=\"article:publisher\" content=\"https:\/\/www.facebook.com\/grimpisme\/\" \/>\n<meta property=\"article:modified_time\" content=\"2024-09-17T09:18:15+00:00\" \/>\n<meta property=\"og:image\" content=\"https:\/\/www.escalade.pro\/news\/wp-content\/uploads\/2024\/08\/IMG_3621.jpg\" \/>\n\t<meta property=\"og:image:width\" content=\"750\" \/>\n\t<meta property=\"og:image:height\" content=\"1000\" \/>\n\t<meta property=\"og:image:type\" content=\"image\/jpeg\" \/>\n<meta name=\"twitter:card\" content=\"summary_large_image\" \/>\n<meta name=\"twitter:label1\" content=\"Dur\u00e9e de lecture estim\u00e9e\" \/>\n\t<meta name=\"twitter:data1\" content=\"3 minutes\" \/>\n<script type=\"application\/ld+json\" class=\"yoast-schema-graph\">{\"@context\":\"https:\\\/\\\/schema.org\",\"@graph\":[{\"@type\":\"WebPage\",\"@id\":\"https:\\\/\\\/www.escalade.pro\\\/news\\\/atelier-grimper-progresser\\\/\",\"url\":\"https:\\\/\\\/www.escalade.pro\\\/news\\\/atelier-grimper-progresser\\\/\",\"name\":\"Atelier \\\"grimper et progresser\\\" - Grimpisme, Fred Vionnet escalade\",\"isPartOf\":{\"@id\":\"https:\\\/\\\/www.escalade.pro\\\/news\\\/#website\"},\"primaryImageOfPage\":{\"@id\":\"https:\\\/\\\/www.escalade.pro\\\/news\\\/atelier-grimper-progresser\\\/#primaryimage\"},\"image\":{\"@id\":\"https:\\\/\\\/www.escalade.pro\\\/news\\\/atelier-grimper-progresser\\\/#primaryimage\"},\"thumbnailUrl\":\"https:\\\/\\\/www.escalade.pro\\\/news\\\/wp-content\\\/uploads\\\/2024\\\/08\\\/IMG_3621.jpg\",\"datePublished\":\"2023-07-27T13:29:44+00:00\",\"dateModified\":\"2024-09-17T09:18:15+00:00\",\"description\":\"Un atelier pour partager avec vous ma vision de l'escalade et de l'entra\u00eenement. Pour une progression bas\u00e9e sur le plaisir de grimper.\",\"breadcrumb\":{\"@id\":\"https:\\\/\\\/www.escalade.pro\\\/news\\\/atelier-grimper-progresser\\\/#breadcrumb\"},\"inLanguage\":\"fr-FR\",\"potentialAction\":[{\"@type\":\"ReadAction\",\"target\":[\"https:\\\/\\\/www.escalade.pro\\\/news\\\/atelier-grimper-progresser\\\/\"]}]},{\"@type\":\"ImageObject\",\"inLanguage\":\"fr-FR\",\"@id\":\"https:\\\/\\\/www.escalade.pro\\\/news\\\/atelier-grimper-progresser\\\/#primaryimage\",\"url\":\"https:\\\/\\\/www.escalade.pro\\\/news\\\/wp-content\\\/uploads\\\/2024\\\/08\\\/IMG_3621.jpg\",\"contentUrl\":\"https:\\\/\\\/www.escalade.pro\\\/news\\\/wp-content\\\/uploads\\\/2024\\\/08\\\/IMG_3621.jpg\",\"width\":750,\"height\":1000,\"caption\":\"Un d\u00e9tour estival par le plastique. Pas facile facile! 7 ao\u00fbt 2024.\"},{\"@type\":\"BreadcrumbList\",\"@id\":\"https:\\\/\\\/www.escalade.pro\\\/news\\\/atelier-grimper-progresser\\\/#breadcrumb\",\"itemListElement\":[{\"@type\":\"ListItem\",\"position\":1,\"name\":\"Accueil\",\"item\":\"https:\\\/\\\/www.escalade.pro\\\/news\\\/\"},{\"@type\":\"ListItem\",\"position\":2,\"name\":\"Atelier \\\/ workshop \u00ab\u00a0grimper et progresser en escalade\u00a0\u00bb\"}]},{\"@type\":\"WebSite\",\"@id\":\"https:\\\/\\\/www.escalade.pro\\\/news\\\/#website\",\"url\":\"https:\\\/\\\/www.escalade.pro\\\/news\\\/\",\"name\":\"L&#039;Arqu\u00e9e Libre - Fred Vionnet entraineur\\\/moniteur escalade\",\"description\":\"Coaching et entrainement escalade. Buoux, C\u00e9\u00fcse et Fontainebleau.\",\"publisher\":{\"@id\":\"https:\\\/\\\/www.escalade.pro\\\/news\\\/#organization\"},\"potentialAction\":[{\"@type\":\"SearchAction\",\"target\":{\"@type\":\"EntryPoint\",\"urlTemplate\":\"https:\\\/\\\/www.escalade.pro\\\/news\\\/?s={search_term_string}\"},\"query-input\":{\"@type\":\"PropertyValueSpecification\",\"valueRequired\":true,\"valueName\":\"search_term_string\"}}],\"inLanguage\":\"fr-FR\"},{\"@type\":\"Organization\",\"@id\":\"https:\\\/\\\/www.escalade.pro\\\/news\\\/#organization\",\"name\":\"L&#039;Arqu\u00e9e Libre - Fred Vionnet entraineur\\\/moniteur escalade\",\"url\":\"https:\\\/\\\/www.escalade.pro\\\/news\\\/\",\"logo\":{\"@type\":\"ImageObject\",\"inLanguage\":\"fr-FR\",\"@id\":\"https:\\\/\\\/www.escalade.pro\\\/news\\\/#\\\/schema\\\/logo\\\/image\\\/\",\"url\":\"https:\\\/\\\/www.escalade.pro\\\/news\\\/wp-content\\\/uploads\\\/2025\\\/10\\\/logo-wp-GRIMPE-octobre-2025.jpg\",\"contentUrl\":\"https:\\\/\\\/www.escalade.pro\\\/news\\\/wp-content\\\/uploads\\\/2025\\\/10\\\/logo-wp-GRIMPE-octobre-2025.jpg\",\"width\":1955,\"height\":902,\"caption\":\"L&#039;Arqu\u00e9e Libre - Fred Vionnet entraineur\\\/moniteur escalade\"},\"image\":{\"@id\":\"https:\\\/\\\/www.escalade.pro\\\/news\\\/#\\\/schema\\\/logo\\\/image\\\/\"},\"sameAs\":[\"https:\\\/\\\/www.facebook.com\\\/grimpisme\\\/\",\"https:\\\/\\\/www.instagram.com\\\/grimpisme\\\/\",\"https:\\\/\\\/www.linkedin.com\\\/in\\\/fred-vionnet-6284b96a\\\/\",\"https:\\\/\\\/fr.pinterest.com\\\/grimpisme\\\/\",\"https:\\\/\\\/www.youtube.com\\\/@grimpisme\"]}]}<\/script>\n<!-- \/ Yoast SEO plugin. -->","yoast_head_json":{"title":"Atelier \"grimper et progresser\" - Grimpisme, Fred Vionnet escalade","description":"Un atelier pour partager avec vous ma vision de l'escalade et de l'entra\u00eenement. Pour une progression bas\u00e9e sur le plaisir de grimper.","robots":{"index":"index","follow":"follow","max-snippet":"max-snippet:-1","max-image-preview":"max-image-preview:large","max-video-preview":"max-video-preview:-1"},"canonical":"https:\/\/www.escalade.pro\/news\/atelier-grimper-progresser\/","og_locale":"fr_FR","og_type":"article","og_title":"Atelier \"grimper et progresser\" - Grimpisme, Fred Vionnet escalade","og_description":"Un atelier pour partager avec vous ma vision de l'escalade et de l'entra\u00eenement. Pour une progression bas\u00e9e sur le plaisir de grimper.","og_url":"https:\/\/www.escalade.pro\/news\/atelier-grimper-progresser\/","og_site_name":"L&#039;Arqu\u00e9e Libre - Fred Vionnet entraineur\/moniteur escalade","article_publisher":"https:\/\/www.facebook.com\/grimpisme\/","article_modified_time":"2024-09-17T09:18:15+00:00","og_image":[{"width":750,"height":1000,"url":"https:\/\/www.escalade.pro\/news\/wp-content\/uploads\/2024\/08\/IMG_3621.jpg","type":"image\/jpeg"}],"twitter_card":"summary_large_image","twitter_misc":{"Dur\u00e9e de lecture estim\u00e9e":"3 minutes"},"schema":{"@context":"https:\/\/schema.org","@graph":[{"@type":"WebPage","@id":"https:\/\/www.escalade.pro\/news\/atelier-grimper-progresser\/","url":"https:\/\/www.escalade.pro\/news\/atelier-grimper-progresser\/","name":"Atelier \"grimper et progresser\" - Grimpisme, Fred Vionnet escalade","isPartOf":{"@id":"https:\/\/www.escalade.pro\/news\/#website"},"primaryImageOfPage":{"@id":"https:\/\/www.escalade.pro\/news\/atelier-grimper-progresser\/#primaryimage"},"image":{"@id":"https:\/\/www.escalade.pro\/news\/atelier-grimper-progresser\/#primaryimage"},"thumbnailUrl":"https:\/\/www.escalade.pro\/news\/wp-content\/uploads\/2024\/08\/IMG_3621.jpg","datePublished":"2023-07-27T13:29:44+00:00","dateModified":"2024-09-17T09:18:15+00:00","description":"Un atelier pour partager avec vous ma vision de l'escalade et de l'entra\u00eenement. Pour une progression bas\u00e9e sur le plaisir de grimper.","breadcrumb":{"@id":"https:\/\/www.escalade.pro\/news\/atelier-grimper-progresser\/#breadcrumb"},"inLanguage":"fr-FR","potentialAction":[{"@type":"ReadAction","target":["https:\/\/www.escalade.pro\/news\/atelier-grimper-progresser\/"]}]},{"@type":"ImageObject","inLanguage":"fr-FR","@id":"https:\/\/www.escalade.pro\/news\/atelier-grimper-progresser\/#primaryimage","url":"https:\/\/www.escalade.pro\/news\/wp-content\/uploads\/2024\/08\/IMG_3621.jpg","contentUrl":"https:\/\/www.escalade.pro\/news\/wp-content\/uploads\/2024\/08\/IMG_3621.jpg","width":750,"height":1000,"caption":"Un d\u00e9tour estival par le plastique. Pas facile facile! 7 ao\u00fbt 2024."},{"@type":"BreadcrumbList","@id":"https:\/\/www.escalade.pro\/news\/atelier-grimper-progresser\/#breadcrumb","itemListElement":[{"@type":"ListItem","position":1,"name":"Accueil","item":"https:\/\/www.escalade.pro\/news\/"},{"@type":"ListItem","position":2,"name":"Atelier \/ workshop \u00ab\u00a0grimper et progresser en escalade\u00a0\u00bb"}]},{"@type":"WebSite","@id":"https:\/\/www.escalade.pro\/news\/#website","url":"https:\/\/www.escalade.pro\/news\/","name":"L&#039;Arqu\u00e9e Libre - Fred Vionnet entraineur\/moniteur escalade","description":"Coaching et entrainement escalade. Buoux, C\u00e9\u00fcse et Fontainebleau.","publisher":{"@id":"https:\/\/www.escalade.pro\/news\/#organization"},"potentialAction":[{"@type":"SearchAction","target":{"@type":"EntryPoint","urlTemplate":"https:\/\/www.escalade.pro\/news\/?s={search_term_string}"},"query-input":{"@type":"PropertyValueSpecification","valueRequired":true,"valueName":"search_term_string"}}],"inLanguage":"fr-FR"},{"@type":"Organization","@id":"https:\/\/www.escalade.pro\/news\/#organization","name":"L&#039;Arqu\u00e9e Libre - Fred Vionnet entraineur\/moniteur escalade","url":"https:\/\/www.escalade.pro\/news\/","logo":{"@type":"ImageObject","inLanguage":"fr-FR","@id":"https:\/\/www.escalade.pro\/news\/#\/schema\/logo\/image\/","url":"https:\/\/www.escalade.pro\/news\/wp-content\/uploads\/2025\/10\/logo-wp-GRIMPE-octobre-2025.jpg","contentUrl":"https:\/\/www.escalade.pro\/news\/wp-content\/uploads\/2025\/10\/logo-wp-GRIMPE-octobre-2025.jpg","width":1955,"height":902,"caption":"L&#039;Arqu\u00e9e Libre - Fred Vionnet entraineur\/moniteur escalade"},"image":{"@id":"https:\/\/www.escalade.pro\/news\/#\/schema\/logo\/image\/"},"sameAs":["https:\/\/www.facebook.com\/grimpisme\/","https:\/\/www.instagram.com\/grimpisme\/","https:\/\/www.linkedin.com\/in\/fred-vionnet-6284b96a\/","https:\/\/fr.pinterest.com\/grimpisme\/","https:\/\/www.youtube.com\/@grimpisme"]}]}},"jetpack_sharing_enabled":true,"jetpack_shortlink":"https:\/\/wp.me\/P68Rw6-63U","jetpack-related-posts":[{"id":13624,"url":"https:\/\/www.escalade.pro\/news\/coaching-escalade\/","url_meta":{"origin":23306,"position":0},"title":"Coaching escalade, diff\u00e9rentes formules pour une progression personnalis\u00e9e","author":"Fred Vionnet","date":"6 f\u00e9vrier 2017","format":false,"excerpt":"Progresser en escalade gr\u00e2ce au coaching personnalis\u00e9. Entrainement physique, technique, tactique et mental.","rel":"","context":"Article similaire","block_context":{"text":"Article similaire","link":""},"img":{"alt_text":"salle escalade arquee libre chamonix climbing gym","src":"https:\/\/i0.wp.com\/www.escalade.pro\/news\/wp-content\/uploads\/2025\/04\/WhatsApp-Image-2025-04-20-at-20.45.13-2.jpg?resize=350%2C200&ssl=1","width":350,"height":200,"srcset":"https:\/\/i0.wp.com\/www.escalade.pro\/news\/wp-content\/uploads\/2025\/04\/WhatsApp-Image-2025-04-20-at-20.45.13-2.jpg?resize=350%2C200&ssl=1 1x, https:\/\/i0.wp.com\/www.escalade.pro\/news\/wp-content\/uploads\/2025\/04\/WhatsApp-Image-2025-04-20-at-20.45.13-2.jpg?resize=525%2C300&ssl=1 1.5x, https:\/\/i0.wp.com\/www.escalade.pro\/news\/wp-content\/uploads\/2025\/04\/WhatsApp-Image-2025-04-20-at-20.45.13-2.jpg?resize=700%2C400&ssl=1 2x"},"classes":[]},{"id":22685,"url":"https:\/\/www.escalade.pro\/news\/formation-preparation-mentale-escalade\/","url_meta":{"origin":23306,"position":1},"title":"Formation \u00ab\u00a0Entra\u00eenement mental, confiance et peur de la chute\u00a0\u00bb &#8211; La \u00ab\u00a0peur du vol\u00a0\u00bb, et plus encore!","author":"Fred Vionnet","date":"26 mars 2023","format":false,"excerpt":"Plaisir, confiance et progression : apprendre \u00e0 se concentrer et \u00e0 accepter ses peurs lors de la grimpe en falaise.","rel":"","context":"Article similaire","block_context":{"text":"Article similaire","link":""},"img":{"alt_text":"peur vol escalade","src":"https:\/\/i0.wp.com\/www.escalade.pro\/news\/wp-content\/uploads\/2019\/01\/68732_444307377012_3060098_n.jpg?resize=350%2C200&ssl=1","width":350,"height":200},"classes":[]},{"id":27461,"url":"https:\/\/www.escalade.pro\/news\/entrainements-collectifs-automne-2025-printemps-26\/","url_meta":{"origin":23306,"position":2},"title":"Entra\u00eenements collectifs escalade automne 2025 &#8211; printemps 2026","author":"Fred Vionnet","date":"9 juin 2025","format":false,"excerpt":"Entrainements collectifs escalade \u00e0 l'Arqu\u00e9e Libre (Magland). Pour les bloqueurs et les falaisistes, le soir en semaine. Groupes de 5 grimpeurs maximum. Mais aussi des entra\u00eenements escalade en falaise le samedi apr\u00e8s-midi.","rel":"","context":"Article similaire","block_context":{"text":"Article similaire","link":""},"img":{"alt_text":"entrainement collectif escalade arquee libre","src":"https:\/\/i0.wp.com\/www.escalade.pro\/news\/wp-content\/uploads\/2025\/06\/entrainement-collectif-2025-26-2.jpg?resize=350%2C200&ssl=1","width":350,"height":200},"classes":[]},{"id":26652,"url":"https:\/\/www.escalade.pro\/news\/actualites-archives-2024\/","url_meta":{"origin":23306,"position":3},"title":"Actualit\u00e9s 2024","author":"Fred Vionnet","date":"2 janvier 2025","format":false,"excerpt":"C'est par ici pour les actualit\u00e9s de l'ann\u00e9e en cours. Et via ces liens pour les ann\u00e9es 2023 et pr\u00e9c\u00e9dentes. Nottingham Climbing Center, un salle litt\u00e9ralement dans une ancienne piscine. Avec des vieux pans et des blocs \u00e0 1500\u20ac. Atypique et sympa. 28 d\u00e9cembre 2024. Coach, l'envers du d\u00e9cors. Super\u2026","rel":"","context":"Article similaire","block_context":{"text":"Article similaire","link":""},"img":{"alt_text":"escalade nottingham uk grimpisme","src":"https:\/\/i0.wp.com\/www.escalade.pro\/news\/wp-content\/uploads\/2024\/12\/IMG_4344-150x150.jpg?resize=350%2C200&ssl=1","width":350,"height":200,"srcset":"https:\/\/i0.wp.com\/www.escalade.pro\/news\/wp-content\/uploads\/2024\/12\/IMG_4344-150x150.jpg?resize=350%2C200&ssl=1 1x, https:\/\/i0.wp.com\/www.escalade.pro\/news\/wp-content\/uploads\/2024\/12\/IMG_4344-150x150.jpg?resize=525%2C300&ssl=1 1.5x, https:\/\/i0.wp.com\/www.escalade.pro\/news\/wp-content\/uploads\/2024\/12\/IMG_4344-150x150.jpg?resize=700%2C400&ssl=1 2x"},"classes":[]},{"id":24126,"url":"https:\/\/www.escalade.pro\/news\/video-escalade-entrainement\/","url_meta":{"origin":23306,"position":4},"title":"Vid\u00e9os entrainement et escalade \u00e0 ne pas manquer","author":"Fred Vionnet","date":"19 novembre 2023","format":false,"excerpt":"Des vid\u00e9os consacr\u00e9es \u00e0 l'entrainement, plus ou moins sp\u00e9cifiques \u00e0 l'escalade. Pour vous instruire et vous entrainer mieux!","rel":"","context":"Article similaire","block_context":{"text":"Article similaire","link":""},"img":{"alt_text":"video entrainement escalade","src":"https:\/\/i0.wp.com\/www.escalade.pro\/news\/wp-content\/uploads\/2023\/11\/Capture.jpg?resize=350%2C200&ssl=1","width":350,"height":200},"classes":[]},{"id":15579,"url":"https:\/\/www.escalade.pro\/news\/planning-cours-stages\/","url_meta":{"origin":23306,"position":5},"title":"Weekends et stages escalade","author":"Fred Vionnet","date":"16 mars 2018","format":false,"excerpt":"D\u00e9couvrez le planning des stages et weekends d'escalade de Grimpisme. Buoux, Fontainebleau, C\u00e9\u00fcse, gorges du Verdon, ...","rel":"","context":"Article similaire","block_context":{"text":"Article similaire","link":""},"img":{"alt_text":"planning stages escalade","src":"https:\/\/i0.wp.com\/www.escalade.pro\/news\/wp-content\/uploads\/2019\/01\/planning.jpg?resize=350%2C200&ssl=1","width":350,"height":200,"srcset":"https:\/\/i0.wp.com\/www.escalade.pro\/news\/wp-content\/uploads\/2019\/01\/planning.jpg?resize=350%2C200&ssl=1 1x, https:\/\/i0.wp.com\/www.escalade.pro\/news\/wp-content\/uploads\/2019\/01\/planning.jpg?resize=525%2C300&ssl=1 1.5x, https:\/\/i0.wp.com\/www.escalade.pro\/news\/wp-content\/uploads\/2019\/01\/planning.jpg?resize=700%2C400&ssl=1 2x"},"classes":[]}],"_links":{"self":[{"href":"https:\/\/www.escalade.pro\/news\/wp-json\/wp\/v2\/pages\/23306","targetHints":{"allow":["GET"]}}],"collection":[{"href":"https:\/\/www.escalade.pro\/news\/wp-json\/wp\/v2\/pages"}],"about":[{"href":"https:\/\/www.escalade.pro\/news\/wp-json\/wp\/v2\/types\/page"}],"author":[{"embeddable":true,"href":"https:\/\/www.escalade.pro\/news\/wp-json\/wp\/v2\/users\/1"}],"replies":[{"embeddable":true,"href":"https:\/\/www.escalade.pro\/news\/wp-json\/wp\/v2\/comments?post=23306"}],"version-history":[{"count":32,"href":"https:\/\/www.escalade.pro\/news\/wp-json\/wp\/v2\/pages\/23306\/revisions"}],"predecessor-version":[{"id":25984,"href":"https:\/\/www.escalade.pro\/news\/wp-json\/wp\/v2\/pages\/23306\/revisions\/25984"}],"wp:featuredmedia":[{"embeddable":true,"href":"https:\/\/www.escalade.pro\/news\/wp-json\/wp\/v2\/media\/25636"}],"wp:attachment":[{"href":"https:\/\/www.escalade.pro\/news\/wp-json\/wp\/v2\/media?parent=23306"}],"curies":[{"name":"wp","href":"https:\/\/api.w.org\/{rel}","templated":true}]}}