{"id":16032,"date":"2018-04-11T09:32:33","date_gmt":"2018-04-11T08:32:33","guid":{"rendered":"https:\/\/www.escalade.pro\/news\/?page_id=16032"},"modified":"2018-09-21T09:56:08","modified_gmt":"2018-09-21T08:56:08","slug":"consulting","status":"publish","type":"page","link":"https:\/\/www.escalade.pro\/news\/consulting\/","title":{"rendered":"Expertise-conseil"},"content":{"rendered":"<p>[En construction]<br \/>\nPrestations assur\u00e9es par <a href=\"https:\/\/www.escalade.pro\/news\/presentation\/fred-vionnet\/\">Fred Vionnet<\/a>.<\/p>\n<h6><u>Expertise-conseil pour la construction d&rsquo;une salle, d&rsquo;un mur d&rsquo;escalade, ou l&rsquo;\u00e9quipement d&rsquo;une falaise<\/u><\/h6>\n<h6><u>Expertise-conseil pour l&rsquo;exploitation d&rsquo;une salle d&rsquo;escalade<\/u><\/h6>\n<h6><u>Expertise-conseil pour l&rsquo;encadrement, l&rsquo;entra\u00eenement et le d\u00e9veloppement de l&rsquo;activit\u00e9 escalade<\/u><\/h6>\n<h6><u>Tarifs<\/u><\/h6>\n<table>\n<tbody>\n<tr>\n<td>&nbsp;<\/td>\n<td><u>Tarifs<\/u><\/td>\n<\/tr>\n<tr>\n<td>Premier rendez-vous, attentes et analyse pr\u00e9alable (dur\u00e9e 1h30 environ)<\/td>\n<td>90\u20ac\/h (plus frais \u00e9ventuels de transport)<\/td>\n<\/tr>\n<tr>\n<td>Projet: strat\u00e9gie + mise en place op\u00e9rationnelle <\/td>\n<td>sur devis<\/td>\n<\/tr>\n<tr>\n<td>Accompagnement de la mise en place des pr\u00e9conisations du projet<\/td>\n<td>sur devis<\/td>\n<\/tr>\n<tr>\n<td>Reporting: analyse fonctionnelle des r\u00e9sultats<\/td>\n<td>sur devis<\/td>\n<\/tr>\n<\/tbody>\n<\/table>\n","protected":false},"excerpt":{"rendered":"<p>[En construction] Prestations assur\u00e9es par Fred Vionnet. Expertise-conseil pour la construction d&rsquo;une salle, d&rsquo;un mur d&rsquo;escalade, ou l&rsquo;\u00e9quipement d&rsquo;une falaise<\/p>\n","protected":false},"author":1,"featured_media":16192,"parent":0,"menu_order":0,"comment_status":"closed","ping_status":"closed","template":"","meta":{"colormag_page_container_layout":"no_sidebar_full_width","colormag_page_sidebar_layout":"no_sidebar","_monsterinsights_skip_tracking":false,"_monsterinsights_sitenote_active":false,"_monsterinsights_sitenote_note":"","_monsterinsights_sitenote_category":0,"ngg_post_thumbnail":0,"jetpack_post_was_ever_published":false,"footnotes":""},"class_list":["post-16032","page","type-page","status-publish","has-post-thumbnail","hentry"],"yoast_head":"<!-- This site is optimized with the Yoast SEO plugin v27.5 - https:\/\/yoast.com\/product\/yoast-seo-wordpress\/ -->\n<title>Expertise-conseil &#8211; L&#039;Arqu\u00e9e Libre - Fred Vionnet entraineur\/moniteur escalade<\/title>\n<meta name=\"robots\" content=\"index, follow, max-snippet:-1, max-image-preview:large, max-video-preview:-1\" \/>\n<link rel=\"canonical\" href=\"https:\/\/www.escalade.pro\/news\/consulting\/\" \/>\n<meta property=\"og:locale\" content=\"fr_FR\" \/>\n<meta property=\"og:type\" content=\"article\" \/>\n<meta property=\"og:title\" content=\"Expertise-conseil &#8211; L&#039;Arqu\u00e9e Libre - Fred Vionnet entraineur\/moniteur escalade\" \/>\n<meta property=\"og:description\" content=\"[En construction] Prestations assur\u00e9es par Fred Vionnet. Expertise-conseil pour la construction d&rsquo;une salle, d&rsquo;un mur d&rsquo;escalade, ou l&rsquo;\u00e9quipement d&rsquo;une falaise\" \/>\n<meta property=\"og:url\" content=\"https:\/\/www.escalade.pro\/news\/consulting\/\" \/>\n<meta property=\"og:site_name\" content=\"L&#039;Arqu\u00e9e Libre - Fred Vionnet entraineur\/moniteur escalade\" \/>\n<meta property=\"article:publisher\" content=\"https:\/\/www.facebook.com\/grimpisme\/\" \/>\n<meta property=\"article:modified_time\" content=\"2018-09-21T08:56:08+00:00\" \/>\n<meta property=\"og:image\" content=\"https:\/\/www.escalade.pro\/news\/wp-content\/uploads\/2018\/05\/salle-escalade.jpg\" \/>\n\t<meta property=\"og:image:width\" content=\"564\" \/>\n\t<meta property=\"og:image:height\" content=\"425\" \/>\n\t<meta property=\"og:image:type\" content=\"image\/jpeg\" \/>\n<meta name=\"twitter:card\" content=\"summary_large_image\" \/>\n<script type=\"application\/ld+json\" class=\"yoast-schema-graph\">{\"@context\":\"https:\\\/\\\/schema.org\",\"@graph\":[{\"@type\":\"WebPage\",\"@id\":\"https:\\\/\\\/www.escalade.pro\\\/news\\\/consulting\\\/\",\"url\":\"https:\\\/\\\/www.escalade.pro\\\/news\\\/consulting\\\/\",\"name\":\"Expertise-conseil &#8211; L&#039;Arqu\u00e9e Libre - Fred Vionnet entraineur\\\/moniteur escalade\",\"isPartOf\":{\"@id\":\"https:\\\/\\\/www.escalade.pro\\\/news\\\/#website\"},\"primaryImageOfPage\":{\"@id\":\"https:\\\/\\\/www.escalade.pro\\\/news\\\/consulting\\\/#primaryimage\"},\"image\":{\"@id\":\"https:\\\/\\\/www.escalade.pro\\\/news\\\/consulting\\\/#primaryimage\"},\"thumbnailUrl\":\"https:\\\/\\\/www.escalade.pro\\\/news\\\/wp-content\\\/uploads\\\/2018\\\/05\\\/salle-escalade.jpg\",\"datePublished\":\"2018-04-11T08:32:33+00:00\",\"dateModified\":\"2018-09-21T08:56:08+00:00\",\"breadcrumb\":{\"@id\":\"https:\\\/\\\/www.escalade.pro\\\/news\\\/consulting\\\/#breadcrumb\"},\"inLanguage\":\"fr-FR\",\"potentialAction\":[{\"@type\":\"ReadAction\",\"target\":[\"https:\\\/\\\/www.escalade.pro\\\/news\\\/consulting\\\/\"]}]},{\"@type\":\"ImageObject\",\"inLanguage\":\"fr-FR\",\"@id\":\"https:\\\/\\\/www.escalade.pro\\\/news\\\/consulting\\\/#primaryimage\",\"url\":\"https:\\\/\\\/www.escalade.pro\\\/news\\\/wp-content\\\/uploads\\\/2018\\\/05\\\/salle-escalade.jpg\",\"contentUrl\":\"https:\\\/\\\/www.escalade.pro\\\/news\\\/wp-content\\\/uploads\\\/2018\\\/05\\\/salle-escalade.jpg\",\"width\":564,\"height\":425,\"caption\":\"entrainement escalade\"},{\"@type\":\"BreadcrumbList\",\"@id\":\"https:\\\/\\\/www.escalade.pro\\\/news\\\/consulting\\\/#breadcrumb\",\"itemListElement\":[{\"@type\":\"ListItem\",\"position\":1,\"name\":\"Accueil\",\"item\":\"https:\\\/\\\/www.escalade.pro\\\/news\\\/\"},{\"@type\":\"ListItem\",\"position\":2,\"name\":\"Expertise-conseil\"}]},{\"@type\":\"WebSite\",\"@id\":\"https:\\\/\\\/www.escalade.pro\\\/news\\\/#website\",\"url\":\"https:\\\/\\\/www.escalade.pro\\\/news\\\/\",\"name\":\"L&#039;Arqu\u00e9e Libre - Fred Vionnet entraineur\\\/moniteur escalade\",\"description\":\"Coaching et entrainement escalade. Buoux, C\u00e9\u00fcse et Fontainebleau.\",\"publisher\":{\"@id\":\"https:\\\/\\\/www.escalade.pro\\\/news\\\/#organization\"},\"potentialAction\":[{\"@type\":\"SearchAction\",\"target\":{\"@type\":\"EntryPoint\",\"urlTemplate\":\"https:\\\/\\\/www.escalade.pro\\\/news\\\/?s={search_term_string}\"},\"query-input\":{\"@type\":\"PropertyValueSpecification\",\"valueRequired\":true,\"valueName\":\"search_term_string\"}}],\"inLanguage\":\"fr-FR\"},{\"@type\":\"Organization\",\"@id\":\"https:\\\/\\\/www.escalade.pro\\\/news\\\/#organization\",\"name\":\"L&#039;Arqu\u00e9e Libre - Fred Vionnet entraineur\\\/moniteur escalade\",\"url\":\"https:\\\/\\\/www.escalade.pro\\\/news\\\/\",\"logo\":{\"@type\":\"ImageObject\",\"inLanguage\":\"fr-FR\",\"@id\":\"https:\\\/\\\/www.escalade.pro\\\/news\\\/#\\\/schema\\\/logo\\\/image\\\/\",\"url\":\"https:\\\/\\\/www.escalade.pro\\\/news\\\/wp-content\\\/uploads\\\/2026\\\/04\\\/logo-wp-AL-avril-2026-1.jpg\",\"contentUrl\":\"https:\\\/\\\/www.escalade.pro\\\/news\\\/wp-content\\\/uploads\\\/2026\\\/04\\\/logo-wp-AL-avril-2026-1.jpg\",\"width\":1955,\"height\":902,\"caption\":\"L&#039;Arqu\u00e9e Libre - Fred Vionnet entraineur\\\/moniteur escalade\"},\"image\":{\"@id\":\"https:\\\/\\\/www.escalade.pro\\\/news\\\/#\\\/schema\\\/logo\\\/image\\\/\"},\"sameAs\":[\"https:\\\/\\\/www.facebook.com\\\/grimpisme\\\/\",\"https:\\\/\\\/www.instagram.com\\\/grimpisme\\\/\",\"https:\\\/\\\/www.linkedin.com\\\/in\\\/fred-vionnet-6284b96a\\\/\",\"https:\\\/\\\/fr.pinterest.com\\\/grimpisme\\\/\",\"https:\\\/\\\/www.youtube.com\\\/@grimpisme\"]}]}<\/script>\n<!-- \/ Yoast SEO plugin. -->","yoast_head_json":{"title":"Expertise-conseil &#8211; L&#039;Arqu\u00e9e Libre - Fred Vionnet entraineur\/moniteur escalade","robots":{"index":"index","follow":"follow","max-snippet":"max-snippet:-1","max-image-preview":"max-image-preview:large","max-video-preview":"max-video-preview:-1"},"canonical":"https:\/\/www.escalade.pro\/news\/consulting\/","og_locale":"fr_FR","og_type":"article","og_title":"Expertise-conseil &#8211; L&#039;Arqu\u00e9e Libre - Fred Vionnet entraineur\/moniteur escalade","og_description":"[En construction] Prestations assur\u00e9es par Fred Vionnet. Expertise-conseil pour la construction d&rsquo;une salle, d&rsquo;un mur d&rsquo;escalade, ou l&rsquo;\u00e9quipement d&rsquo;une falaise","og_url":"https:\/\/www.escalade.pro\/news\/consulting\/","og_site_name":"L&#039;Arqu\u00e9e Libre - Fred Vionnet entraineur\/moniteur escalade","article_publisher":"https:\/\/www.facebook.com\/grimpisme\/","article_modified_time":"2018-09-21T08:56:08+00:00","og_image":[{"width":564,"height":425,"url":"https:\/\/www.escalade.pro\/news\/wp-content\/uploads\/2018\/05\/salle-escalade.jpg","type":"image\/jpeg"}],"twitter_card":"summary_large_image","schema":{"@context":"https:\/\/schema.org","@graph":[{"@type":"WebPage","@id":"https:\/\/www.escalade.pro\/news\/consulting\/","url":"https:\/\/www.escalade.pro\/news\/consulting\/","name":"Expertise-conseil &#8211; L&#039;Arqu\u00e9e Libre - Fred Vionnet entraineur\/moniteur escalade","isPartOf":{"@id":"https:\/\/www.escalade.pro\/news\/#website"},"primaryImageOfPage":{"@id":"https:\/\/www.escalade.pro\/news\/consulting\/#primaryimage"},"image":{"@id":"https:\/\/www.escalade.pro\/news\/consulting\/#primaryimage"},"thumbnailUrl":"https:\/\/www.escalade.pro\/news\/wp-content\/uploads\/2018\/05\/salle-escalade.jpg","datePublished":"2018-04-11T08:32:33+00:00","dateModified":"2018-09-21T08:56:08+00:00","breadcrumb":{"@id":"https:\/\/www.escalade.pro\/news\/consulting\/#breadcrumb"},"inLanguage":"fr-FR","potentialAction":[{"@type":"ReadAction","target":["https:\/\/www.escalade.pro\/news\/consulting\/"]}]},{"@type":"ImageObject","inLanguage":"fr-FR","@id":"https:\/\/www.escalade.pro\/news\/consulting\/#primaryimage","url":"https:\/\/www.escalade.pro\/news\/wp-content\/uploads\/2018\/05\/salle-escalade.jpg","contentUrl":"https:\/\/www.escalade.pro\/news\/wp-content\/uploads\/2018\/05\/salle-escalade.jpg","width":564,"height":425,"caption":"entrainement escalade"},{"@type":"BreadcrumbList","@id":"https:\/\/www.escalade.pro\/news\/consulting\/#breadcrumb","itemListElement":[{"@type":"ListItem","position":1,"name":"Accueil","item":"https:\/\/www.escalade.pro\/news\/"},{"@type":"ListItem","position":2,"name":"Expertise-conseil"}]},{"@type":"WebSite","@id":"https:\/\/www.escalade.pro\/news\/#website","url":"https:\/\/www.escalade.pro\/news\/","name":"L&#039;Arqu\u00e9e Libre - Fred Vionnet entraineur\/moniteur escalade","description":"Coaching et entrainement escalade. Buoux, C\u00e9\u00fcse et Fontainebleau.","publisher":{"@id":"https:\/\/www.escalade.pro\/news\/#organization"},"potentialAction":[{"@type":"SearchAction","target":{"@type":"EntryPoint","urlTemplate":"https:\/\/www.escalade.pro\/news\/?s={search_term_string}"},"query-input":{"@type":"PropertyValueSpecification","valueRequired":true,"valueName":"search_term_string"}}],"inLanguage":"fr-FR"},{"@type":"Organization","@id":"https:\/\/www.escalade.pro\/news\/#organization","name":"L&#039;Arqu\u00e9e Libre - Fred Vionnet entraineur\/moniteur escalade","url":"https:\/\/www.escalade.pro\/news\/","logo":{"@type":"ImageObject","inLanguage":"fr-FR","@id":"https:\/\/www.escalade.pro\/news\/#\/schema\/logo\/image\/","url":"https:\/\/www.escalade.pro\/news\/wp-content\/uploads\/2026\/04\/logo-wp-AL-avril-2026-1.jpg","contentUrl":"https:\/\/www.escalade.pro\/news\/wp-content\/uploads\/2026\/04\/logo-wp-AL-avril-2026-1.jpg","width":1955,"height":902,"caption":"L&#039;Arqu\u00e9e Libre - Fred Vionnet entraineur\/moniteur escalade"},"image":{"@id":"https:\/\/www.escalade.pro\/news\/#\/schema\/logo\/image\/"},"sameAs":["https:\/\/www.facebook.com\/grimpisme\/","https:\/\/www.instagram.com\/grimpisme\/","https:\/\/www.linkedin.com\/in\/fred-vionnet-6284b96a\/","https:\/\/fr.pinterest.com\/grimpisme\/","https:\/\/www.youtube.com\/@grimpisme"]}]}},"jetpack_sharing_enabled":true,"jetpack_shortlink":"https:\/\/wp.me\/P68Rw6-4aA","jetpack-related-posts":[{"id":77,"url":"https:\/\/www.escalade.pro\/news\/initiation-escalade\/","url_meta":{"origin":16032,"position":0},"title":"Initiation escalade","author":"Fred Vionnet","date":"6 f\u00e9vrier 2014","format":false,"excerpt":"D\u00e8s l'\u00e2ge de 6 ans, il est possible de d\u00e9couvrir l'escalade. Apprendre le noeud de huit, assurer son partenaire, s'asseoir dans le baudrier pour descendre et donc faire confiance \u00e0 son partenaire... toutes ces d\u00e9couvertes et premi\u00e8res \u00e9motions restent inoubliables.","rel":"","context":"Article similaire","block_context":{"text":"Article similaire","link":""},"img":{"alt_text":"initiation escalade","src":"https:\/\/i0.wp.com\/www.escalade.pro\/news\/wp-content\/uploads\/2018\/08\/initiation-escalade.jpg?resize=350%2C200&ssl=1","width":350,"height":200},"classes":[]},{"id":13624,"url":"https:\/\/www.escalade.pro\/news\/coaching-escalade\/","url_meta":{"origin":16032,"position":1},"title":"Coaching escalade, diff\u00e9rentes formules pour une progression personnalis\u00e9e","author":"Fred Vionnet","date":"6 f\u00e9vrier 2017","format":false,"excerpt":"Progresser en escalade gr\u00e2ce au coaching personnalis\u00e9. Entrainement physique, technique, tactique et mental.","rel":"","context":"Article similaire","block_context":{"text":"Article similaire","link":""},"img":{"alt_text":"salle escalade arquee libre chamonix climbing gym","src":"https:\/\/i0.wp.com\/www.escalade.pro\/news\/wp-content\/uploads\/2025\/04\/WhatsApp-Image-2025-04-20-at-20.45.13-2.jpg?resize=350%2C200&ssl=1","width":350,"height":200,"srcset":"https:\/\/i0.wp.com\/www.escalade.pro\/news\/wp-content\/uploads\/2025\/04\/WhatsApp-Image-2025-04-20-at-20.45.13-2.jpg?resize=350%2C200&ssl=1 1x, https:\/\/i0.wp.com\/www.escalade.pro\/news\/wp-content\/uploads\/2025\/04\/WhatsApp-Image-2025-04-20-at-20.45.13-2.jpg?resize=525%2C300&ssl=1 1.5x, https:\/\/i0.wp.com\/www.escalade.pro\/news\/wp-content\/uploads\/2025\/04\/WhatsApp-Image-2025-04-20-at-20.45.13-2.jpg?resize=700%2C400&ssl=1 2x"},"classes":[]},{"id":15579,"url":"https:\/\/www.escalade.pro\/news\/planning-cours-stages\/","url_meta":{"origin":16032,"position":2},"title":"Weekends et stages escalade","author":"Fred Vionnet","date":"16 mars 2018","format":false,"excerpt":"D\u00e9couvrez le planning des stages et weekends d'escalade de Grimpisme. Buoux, Fontainebleau, C\u00e9\u00fcse, gorges du Verdon, ...","rel":"","context":"Article similaire","block_context":{"text":"Article similaire","link":""},"img":{"alt_text":"planning stages escalade","src":"https:\/\/i0.wp.com\/www.escalade.pro\/news\/wp-content\/uploads\/2019\/01\/planning.jpg?resize=350%2C200&ssl=1","width":350,"height":200,"srcset":"https:\/\/i0.wp.com\/www.escalade.pro\/news\/wp-content\/uploads\/2019\/01\/planning.jpg?resize=350%2C200&ssl=1 1x, https:\/\/i0.wp.com\/www.escalade.pro\/news\/wp-content\/uploads\/2019\/01\/planning.jpg?resize=525%2C300&ssl=1 1.5x, https:\/\/i0.wp.com\/www.escalade.pro\/news\/wp-content\/uploads\/2019\/01\/planning.jpg?resize=700%2C400&ssl=1 2x"},"classes":[]},{"id":7866,"url":"https:\/\/www.escalade.pro\/news\/escalade\/stages-weekend\/","url_meta":{"origin":16032,"position":3},"title":"Stages et weekends bloc et falaise: C\u00e9\u00fcse, Buoux, Fontainebleau, Annot, Calanques, Mollans, Saint Leger du Ventoux, Claret, Seynes &#8230;","author":"Fred Vionnet","date":"4 mars 2016","format":false,"excerpt":"Des stages d'escalade pour progresser techniquement en grimper sur le vrai rocher, que ce soit en bloc ou en falaise. Profitez des conseils d'un coach exp\u00e9riment\u00e9 et passionn\u00e9.","rel":"","context":"Article similaire","block_context":{"text":"Article similaire","link":""},"img":{"alt_text":"stage escalade ceuse","src":"https:\/\/i0.wp.com\/www.escalade.pro\/news\/wp-content\/uploads\/2018\/03\/P1090961-300x169.jpg?resize=350%2C200&ssl=1","width":350,"height":200},"classes":[]},{"id":27512,"url":"https:\/\/www.escalade.pro\/news\/arquee-academy-entrainement-escalade-jeunes\/","url_meta":{"origin":16032,"position":4},"title":"Arqu\u00e9e Academy &#8211; Entra\u00eenement escalade pour les jeunes 11\/17 ans","author":"Fred Vionnet","date":"16 juin 2025","format":false,"excerpt":"Groupe d'entrainement escalade pour les jeunes grimpeurs de 11 \u00e0 17 ans. Le mardis soirs \u00e0 l'Arqu\u00e9e Libre, Magland.","rel":"","context":"Article similaire","block_context":{"text":"Article similaire","link":""},"img":{"alt_text":"competition escalade bloc boulder climbing","src":"https:\/\/i0.wp.com\/www.escalade.pro\/news\/wp-content\/uploads\/2025\/05\/IMG_5001.jpg?resize=350%2C200&ssl=1","width":350,"height":200,"srcset":"https:\/\/i0.wp.com\/www.escalade.pro\/news\/wp-content\/uploads\/2025\/05\/IMG_5001.jpg?resize=350%2C200&ssl=1 1x, https:\/\/i0.wp.com\/www.escalade.pro\/news\/wp-content\/uploads\/2025\/05\/IMG_5001.jpg?resize=525%2C300&ssl=1 1.5x, https:\/\/i0.wp.com\/www.escalade.pro\/news\/wp-content\/uploads\/2025\/05\/IMG_5001.jpg?resize=700%2C400&ssl=1 2x"},"classes":[]},{"id":22685,"url":"https:\/\/www.escalade.pro\/news\/formation-preparation-mentale-escalade\/","url_meta":{"origin":16032,"position":5},"title":"Formation \u00ab\u00a0Entra\u00eenement mental, confiance et peur de la chute\u00a0\u00bb &#8211; La \u00ab\u00a0peur du vol\u00a0\u00bb, et plus encore!","author":"Fred Vionnet","date":"26 mars 2023","format":false,"excerpt":"Plaisir, confiance et progression : apprendre \u00e0 se concentrer et \u00e0 accepter ses peurs lors de la grimpe en falaise.","rel":"","context":"Article similaire","block_context":{"text":"Article similaire","link":""},"img":{"alt_text":"peur vol escalade","src":"https:\/\/i0.wp.com\/www.escalade.pro\/news\/wp-content\/uploads\/2019\/01\/68732_444307377012_3060098_n.jpg?resize=350%2C200&ssl=1","width":350,"height":200},"classes":[]}],"_links":{"self":[{"href":"https:\/\/www.escalade.pro\/news\/wp-json\/wp\/v2\/pages\/16032","targetHints":{"allow":["GET"]}}],"collection":[{"href":"https:\/\/www.escalade.pro\/news\/wp-json\/wp\/v2\/pages"}],"about":[{"href":"https:\/\/www.escalade.pro\/news\/wp-json\/wp\/v2\/types\/page"}],"author":[{"embeddable":true,"href":"https:\/\/www.escalade.pro\/news\/wp-json\/wp\/v2\/users\/1"}],"replies":[{"embeddable":true,"href":"https:\/\/www.escalade.pro\/news\/wp-json\/wp\/v2\/comments?post=16032"}],"version-history":[{"count":19,"href":"https:\/\/www.escalade.pro\/news\/wp-json\/wp\/v2\/pages\/16032\/revisions"}],"predecessor-version":[{"id":16910,"href":"https:\/\/www.escalade.pro\/news\/wp-json\/wp\/v2\/pages\/16032\/revisions\/16910"}],"wp:featuredmedia":[{"embeddable":true,"href":"https:\/\/www.escalade.pro\/news\/wp-json\/wp\/v2\/media\/16192"}],"wp:attachment":[{"href":"https:\/\/www.escalade.pro\/news\/wp-json\/wp\/v2\/media?parent=16032"}],"curies":[{"name":"wp","href":"https:\/\/api.w.org\/{rel}","templated":true}]}}