{"version":"1.0","provider_name":"L&#039;Arqu\u00e9e Libre - Fred Vionnet entraineur\/moniteur escalade","provider_url":"https:\/\/www.escalade.pro\/news","title":"Initiation escalade Chamonix - Grimpisme et Varappe","type":"rich","width":600,"height":338,"html":"<blockquote class=\"wp-embedded-content\" data-secret=\"QiDWXfxSps\"><a href=\"https:\/\/www.escalade.pro\/news\/initiation-escalade\/\">Initiation escalade<\/a><\/blockquote><iframe sandbox=\"allow-scripts\" security=\"restricted\" src=\"https:\/\/www.escalade.pro\/news\/initiation-escalade\/embed\/#?secret=QiDWXfxSps\" width=\"600\" height=\"338\" title=\"\u00ab\u00a0Initiation escalade\u00a0\u00bb &#8212; L&#039;Arqu\u00e9e Libre - Fred Vionnet entraineur\/moniteur escalade\" data-secret=\"QiDWXfxSps\" frameborder=\"0\" marginwidth=\"0\" marginheight=\"0\" scrolling=\"no\" class=\"wp-embedded-content\"><\/iframe><script type=\"text\/javascript\">\n\/* <![CDATA[ *\/\n\/*! This file is auto-generated *\/\n!function(d,l){\"use strict\";l.querySelector&&d.addEventListener&&\"undefined\"!=typeof URL&&(d.wp=d.wp||{},d.wp.receiveEmbedMessage||(d.wp.receiveEmbedMessage=function(e){var t=e.data;if((t||t.secret||t.message||t.value)&&!\/[^a-zA-Z0-9]\/.test(t.secret)){for(var s,r,n,a=l.querySelectorAll('iframe[data-secret=\"'+t.secret+'\"]'),o=l.querySelectorAll('blockquote[data-secret=\"'+t.secret+'\"]'),c=new RegExp(\"^https?:$\",\"i\"),i=0;i<o.length;i++)o[i].style.display=\"none\";for(i=0;i<a.length;i++)s=a[i],e.source===s.contentWindow&&(s.removeAttribute(\"style\"),\"height\"===t.message?(1e3<(r=parseInt(t.value,10))?r=1e3:~~r<200&&(r=200),s.height=r):\"link\"===t.message&&(r=new URL(s.getAttribute(\"src\")),n=new URL(t.value),c.test(n.protocol))&&n.host===r.host&&l.activeElement===s&&(d.top.location.href=t.value))}},d.addEventListener(\"message\",d.wp.receiveEmbedMessage,!1),l.addEventListener(\"DOMContentLoaded\",function(){for(var e,t,s=l.querySelectorAll(\"iframe.wp-embedded-content\"),r=0;r<s.length;r++)(t=(e=s[r]).getAttribute(\"data-secret\"))||(t=Math.random().toString(36).substring(2,12),e.src+=\"#?secret=\"+t,e.setAttribute(\"data-secret\",t)),e.contentWindow.postMessage({message:\"ready\",secret:t},\"*\")},!1)))}(window,document);\n\/\/# sourceURL=https:\/\/www.escalade.pro\/news\/wp-includes\/js\/wp-embed.min.js\n\/* ]]> *\/\n<\/script>\n","thumbnail_url":"https:\/\/www.escalade.pro\/news\/wp-content\/uploads\/2018\/08\/initiation-escalade.jpg","thumbnail_width":500,"thumbnail_height":667,"description":"D\u00e8s l'\u00e2ge de 6 ans, il est possible de d\u00e9couvrir l'escalade avec une s\u00e9ance d'initiation. Apprendre le noeud de huit, assurer son partenaire, s'asseoir dans le baudrier pour descendre et donc faire confiance \u00e0 son partenaire... toutes ces d\u00e9couvertes et premi\u00e8res \u00e9motions restent inoubliables."}

L&#039;Arquée Libre - Fred Vionnet entraineur/moniteur escalade

<blockquote class="wp-embedded-content" data-secret="QiDWXfxSps"><a href="https://www.escalade.pro/news/initiation-escalade/">Initiation escalade</a></blockquote><iframe sandbox="allow-scripts" security="restricted" src="https://www.escalade.pro/news/initiation-escalade/embed/#?secret=QiDWXfxSps" width="600" height="338" title="« Initiation escalade » &#8212; L&#039;Arquée Libre - Fred Vionnet entraineur/moniteur escalade" data-secret="QiDWXfxSps" frameborder="0" marginwidth="0" marginheight="0" scrolling="no" class="wp-embedded-content"></iframe><script type="text/javascript">
/* <![CDATA[ */
/*! This file is auto-generated */
!function(d,l){"use strict";l.querySelector&&d.addEventListener&&"undefined"!=typeof URL&&(d.wp=d.wp||{},d.wp.receiveEmbedMessage||(d.wp.receiveEmbedMessage=function(e){var t=e.data;if((t||t.secret||t.message||t.value)&&!/[^a-zA-Z0-9]/.test(t.secret)){for(var s,r,n,a=l.querySelectorAll('iframe[data-secret="'+t.secret+'"]'),o=l.querySelectorAll('blockquote[data-secret="'+t.secret+'"]'),c=new RegExp("^https?:$","i"),i=0;i<o.length;i++)o[i].style.display="none";for(i=0;i<a.length;i++)s=a[i],e.source===s.contentWindow&&(s.removeAttribute("style"),"height"===t.message?(1e3<(r=parseInt(t.value,10))?r=1e3:~~r<200&&(r=200),s.height=r):"link"===t.message&&(r=new URL(s.getAttribute("src")),n=new URL(t.value),c.test(n.protocol))&&n.host===r.host&&l.activeElement===s&&(d.top.location.href=t.value))}},d.addEventListener("message",d.wp.receiveEmbedMessage,!1),l.addEventListener("DOMContentLoaded",function(){for(var e,t,s=l.querySelectorAll("iframe.wp-embedded-content"),r=0;r<s.length;r++)(t=(e=s[r]).getAttribute("data-secret"))||(t=Math.random().toString(36).substring(2,12),e.src+="#?secret="+t,e.setAttribute("data-secret",t)),e.contentWindow.postMessage({message:"ready",secret:t},"*")},!1)))}(window,document);
//# sourceURL=https://www.escalade.pro/news/wp-includes/js/wp-embed.min.js
/* ]]> */
</script>

Dès l'âge de 6 ans, il est possible de découvrir l'escalade avec une séance d'initiation. Apprendre le noeud de huit, assurer son partenaire, s'asseoir dans le baudrier pour descendre et donc faire confiance à son partenaire... toutes ces découvertes et premières émotions restent inoubliables.
