{"version":"1.0","provider_name":"L&#039;Arqu\u00e9e Libre - Fred Vionnet entraineur\/moniteur escalade","provider_url":"https:\/\/www.escalade.pro\/news","title":"Nouveau \"Groupe Performance\" escalade au CAF Annemasse - Grimpisme","type":"rich","width":600,"height":338,"html":"<blockquote class=\"wp-embedded-content\" data-secret=\"ZB2eTTUnU5\"><a href=\"https:\/\/www.escalade.pro\/news\/groupe-escalade-performance-club-alpin-annemasse\/\">Nouveau \u00ab\u00a0Groupe Performance\u00a0\u00bb escalade au CAF Annemasse<\/a><\/blockquote><iframe sandbox=\"allow-scripts\" security=\"restricted\" src=\"https:\/\/www.escalade.pro\/news\/groupe-escalade-performance-club-alpin-annemasse\/embed\/#?secret=ZB2eTTUnU5\" width=\"600\" height=\"338\" title=\"\u00ab\u00a0Nouveau \u00ab\u00a0Groupe Performance\u00a0\u00bb escalade au CAF Annemasse\u00a0\u00bb &#8212; L&#039;Arqu\u00e9e Libre - Fred Vionnet entraineur\/moniteur escalade\" data-secret=\"ZB2eTTUnU5\" frameborder=\"0\" marginwidth=\"0\" marginheight=\"0\" scrolling=\"no\" class=\"wp-embedded-content\"><\/iframe><script type=\"text\/javascript\">\n\/* <![CDATA[ *\/\n\/*! This file is auto-generated *\/\n!function(d,l){\"use strict\";l.querySelector&&d.addEventListener&&\"undefined\"!=typeof URL&&(d.wp=d.wp||{},d.wp.receiveEmbedMessage||(d.wp.receiveEmbedMessage=function(e){var t=e.data;if((t||t.secret||t.message||t.value)&&!\/[^a-zA-Z0-9]\/.test(t.secret)){for(var s,r,n,a=l.querySelectorAll('iframe[data-secret=\"'+t.secret+'\"]'),o=l.querySelectorAll('blockquote[data-secret=\"'+t.secret+'\"]'),c=new RegExp(\"^https?:$\",\"i\"),i=0;i<o.length;i++)o[i].style.display=\"none\";for(i=0;i<a.length;i++)s=a[i],e.source===s.contentWindow&&(s.removeAttribute(\"style\"),\"height\"===t.message?(1e3<(r=parseInt(t.value,10))?r=1e3:~~r<200&&(r=200),s.height=r):\"link\"===t.message&&(r=new URL(s.getAttribute(\"src\")),n=new URL(t.value),c.test(n.protocol))&&n.host===r.host&&l.activeElement===s&&(d.top.location.href=t.value))}},d.addEventListener(\"message\",d.wp.receiveEmbedMessage,!1),l.addEventListener(\"DOMContentLoaded\",function(){for(var e,t,s=l.querySelectorAll(\"iframe.wp-embedded-content\"),r=0;r<s.length;r++)(t=(e=s[r]).getAttribute(\"data-secret\"))||(t=Math.random().toString(36).substring(2,12),e.src+=\"#?secret=\"+t,e.setAttribute(\"data-secret\",t)),e.contentWindow.postMessage({message:\"ready\",secret:t},\"*\")},!1)))}(window,document);\n\/\/# sourceURL=https:\/\/www.escalade.pro\/news\/wp-includes\/js\/wp-embed.min.js\n\/* ]]> *\/\n<\/script>\n","thumbnail_url":"https:\/\/www.escalade.pro\/news\/wp-content\/uploads\/2018\/10\/P1100904.jpg","thumbnail_width":600,"thumbnail_height":800,"description":"Objectif principal de performance en ext\u00e9rieur (falaise et bloc), puis de comp\u00e9tition (!!!). Mise en avant du respect de la nature, de la polyvalence et de la sant\u00e9 des grimpeurs (\u00e9chauffement, \u00e9quilibre postural, \u2026)."}

L&#039;Arquée Libre - Fred Vionnet entraineur/moniteur escalade

<blockquote class="wp-embedded-content" data-secret="ZB2eTTUnU5"><a href="https://www.escalade.pro/news/groupe-escalade-performance-club-alpin-annemasse/">Nouveau « Groupe Performance » escalade au CAF Annemasse</a></blockquote><iframe sandbox="allow-scripts" security="restricted" src="https://www.escalade.pro/news/groupe-escalade-performance-club-alpin-annemasse/embed/#?secret=ZB2eTTUnU5" width="600" height="338" title="« Nouveau « Groupe Performance » escalade au CAF Annemasse » &#8212; L&#039;Arquée Libre - Fred Vionnet entraineur/moniteur escalade" data-secret="ZB2eTTUnU5" frameborder="0" marginwidth="0" marginheight="0" scrolling="no" class="wp-embedded-content"></iframe><script type="text/javascript">
/* <![CDATA[ */
/*! This file is auto-generated */
!function(d,l){"use strict";l.querySelector&&d.addEventListener&&"undefined"!=typeof URL&&(d.wp=d.wp||{},d.wp.receiveEmbedMessage||(d.wp.receiveEmbedMessage=function(e){var t=e.data;if((t||t.secret||t.message||t.value)&&!/[^a-zA-Z0-9]/.test(t.secret)){for(var s,r,n,a=l.querySelectorAll('iframe[data-secret="'+t.secret+'"]'),o=l.querySelectorAll('blockquote[data-secret="'+t.secret+'"]'),c=new RegExp("^https?:$","i"),i=0;i<o.length;i++)o[i].style.display="none";for(i=0;i<a.length;i++)s=a[i],e.source===s.contentWindow&&(s.removeAttribute("style"),"height"===t.message?(1e3<(r=parseInt(t.value,10))?r=1e3:~~r<200&&(r=200),s.height=r):"link"===t.message&&(r=new URL(s.getAttribute("src")),n=new URL(t.value),c.test(n.protocol))&&n.host===r.host&&l.activeElement===s&&(d.top.location.href=t.value))}},d.addEventListener("message",d.wp.receiveEmbedMessage,!1),l.addEventListener("DOMContentLoaded",function(){for(var e,t,s=l.querySelectorAll("iframe.wp-embedded-content"),r=0;r<s.length;r++)(t=(e=s[r]).getAttribute("data-secret"))||(t=Math.random().toString(36).substring(2,12),e.src+="#?secret="+t,e.setAttribute("data-secret",t)),e.contentWindow.postMessage({message:"ready",secret:t},"*")},!1)))}(window,document);
//# sourceURL=https://www.escalade.pro/news/wp-includes/js/wp-embed.min.js
/* ]]> */
</script>

Objectif principal de performance en extérieur (falaise et bloc), puis de compétition (!!!). Mise en avant du respect de la nature, de la polyvalence et de la santé des grimpeurs (échauffement, équilibre postural, …).
